 3*t(d). List the prime factors of y(0).
11
Let s(f) = f - 12. Let n be s(4). Let r(i) = -2*i. What are the prime factors of r(n)?
2
Let z(s) = -s**2 + 22*s - 13. List the prime factors of z(16).
83
Let c(d) = -d**3 + d**2 + d + 5. Let f be c(0). Suppose -10 = -m + f*r, 3*m - r + 64 = 5*m. Suppose -3*h = 2*h - m. List the prime factors of h.
2, 3
Suppose 0*w - 18 = -2*w. Let j(t) = 12 + 5*t**2 - 2*t**2 + 0*t**2 - 2*t**2 - 9*t. What are the prime factors of j(w)?
2, 3
Suppose -3*i - i = -24. Suppose -s - 10 = -i*s. Suppose 7 = -b + s*b. What are the prime factors of b?
7
Suppose 0 = -4*a - 3*u + 6*u + 24, u = -5*a + 11. Suppose -a*z - 2 = -z. Let g = z - -7. List the prime factors of g.
2, 3
Let y be 2*-7*(-8 + 6). Let t = -9 + y. List the prime factors of t.
19
Let s(t) = t**2 + 5*t - 4. Let z(k) = k**2 + 5*k - 4. Let l(q) = 3*s(q) - 4*z(q). What are the prime factors of l(-4)?
2
Let u be (0*3/(-6))/(-1). Suppose -4*o = -u*o - 8. What are the prime factors of o?
2
Suppose -3*s - 20 = -2. Let g = 15 + s. List the prime factors of g.
3
Let b = 71 - -46. List the prime factors of b.
3, 13
Suppose -4*r + 218 = 2*q, -7*r = 2*q - 2*r - 216. What are the prime factors of q?
113
Suppose 103 - 664 = -3*f - 5*p, 0 = -2*f - 3*p + 373. List the prime factors of f.
2, 7, 13
Suppose 106 = p - 74. What are the prime factors of p?
2, 3, 5
Let q(o) = o**3 + 4*o**2 + o + 3. List the prime factors of q(-3).
3
Let a be 2*1/(-2)*-3. Let n be ((-16)/(-6))/(2/a). Suppose 4*o = 4*y - 32, n*y + 2*o = -0*o + 62. What are the prime factors of y?
13
What are the prime factors of (-27 + -1)*6/(-4)?
2, 3, 7
Let i = 0 + 1. What are the prime factors of i + 12 + 6/2?
2
List the prime factors of 1/((-264)/(-87) - 3).
29
Let k = 133 + -25. What are the prime factors of k?
2, 3
Suppose 6 = -2*m - 3*i, -i + 4 = 4*m + i. Suppose -2*x + 3 = -5*x. Let g = m - x. List the prime factors of g.
2
Let p(g) = -g - 4. Let j(o) = 4*o + 3 + 2*o**2 - o - 3*o**2. Let z be j(-2). List the prime factors of p(z).
3
Suppose -5*p + 90 = -3*p. Suppose -n + 16 = m - 0*n, -3*m = 2*n - p. Let f = m + 4. List the prime factors of f.
17
Suppose w + 6 - 26 = -3*n, 0 = 4*w - 5*n - 12. Let h(g) = g + 9. List the prime factors of h(w).
17
Let c(v) = -22*v. List the prime factors of c(-1).
2, 11
Let q(x) = 14*x**2 + x + 1. List the prime factors of q(2).
59
Suppose -4*g + 19 = -93. What are the prime factors of g?
2, 7
Let b(i) = i**3 + 10*i**2 + 8*i + 21. List the prime factors of b(-9).
2, 3, 5
Let y(j) = -j**2 + 5*j - 5. Let n be y(4). Let o(b) = -25*b - 2. List the prime factors of o(n).
23
Let p(m) = -m**3 - 2*m**2. Let o be p(-3). Suppose -1 = 2*y - o. Suppose y*j - 6*j = i - 4, -5*i = -2*j - 32. What are the prime factors of i?
2, 3
Let j(p) = -p**3 + 10*p**2 + 11*p + 5. Let w be j(11). Suppose -4*k = s - 28, -4*s + 0*k = w*k - 90. Suppose c - 6*c + s = 0. What are the prime factors of c?
2
Let i = 114 - -27. List the prime factors of i.
3, 47
Let p = -6 - -10. Let z be (-4)/(p/(-23)) + 2. Let r = 36 - z. List the prime factors of r.
11
Suppose -c + 12 = -5*c. Let o = c + 24. What are the prime factors of o?
3, 7
Let w = 4 - 2. Suppose -4*b + w*b + 10 = 0. Let y = 16 - b. What are the prime factors of y?
11
Let p(f) = f + 26. List the prime factors of p(-12).
2, 7
Let m(p) = 0*p**2 - 2 + 3*p**2 + 3 + 2*p**2 + p. Let t be m(-1). Suppose t*q + 4 = 54. What are the prime factors of q?
2, 5
Let x(l) be the first derivative of -9*l**2 - 6*l + 1. List the prime factors of x(-3).
2, 3
What are the prime factors of 33/4 - (-2 + (-36)/(-16))?
2
List the prime factors of -5*(-4)/(-8)*-50.
5
Let l(u) = u**3 + 8*u**2 - 12*u + 1. What are the prime factors of l(-9)?
2, 7
Let a(f) = 0*f**2 + 0*f**2 + 0 + f**2 - 4 - 2*f. List the prime factors of a(4).
2
Suppose -2*d = 2*d + 5*l - 87, -d + 27 = 3*l. List the prime factors of d.
2, 3
Let r be 1/((-10)/(-9) + -1). Let s = r - 6. Let h = 5 - s. List the prime factors of h.
2
Let d = -44 + 84. List the prime factors of d.
2, 5
Suppose -h + 2*z + 130 = 0, -h + 2*h - 118 = -z. List the prime factors of h.
2, 61
Let c(z) = z**2 + 6*z - 7. What are the prime factors of c(-9)?
2, 5
Suppose q + 28 = 3*q + 3*c, -120 = -5*q + 5*c. List the prime factors of q.
2, 5
Let h(n) = n - 3. Let i be h(-5). Let a be (i/(-10))/((-4)/(-30)). Suppose -l + 1 + a = 0. What are the prime factors of l?
7
Let q be (132/30)/((-1)/(-15)). Let f = q + -45. What are the prime factors of f?
3, 7
Suppose v - 2*d + 268 = 3*v, -5*v - 3*d = -672. What are the prime factors of v?
3, 5
Let l(s) = s + 2. Let n be l(1). Suppose 0*z - 5*z = -165. Suppose 0 = -0*u - n*u + z. What are the prime factors of u?
11
Let a(v) be the second derivative of v**7/315 + v**6/720 - v**4/6 + v. Let x(t) be the third derivative of a(t). What are the prime factors of x(-1)?
7
Suppose 3*v = -0*v + 3*x + 24, -3*v + 16 = x. Suppose v*k = 3*k - 24. List the prime factors of (15/6)/((-2)/k).
2, 5
Let z be -2 + 0 - (-8)/2. Let d(b) = z*b**2 + 1 - 2*b - 6 + 3. List the prime factors of d(3).
2, 5
Suppose -f + 3*q = -0*f - 99, -2*f = 3*q - 171. List the prime factors of f.
2, 3, 5
Suppose k + 4*k = 3*v - 120, 0 = 3*v + 5*k - 120. Suppose 4*h + v = 96. What are the prime factors of (4/(-14))/((-2)/h)?
2
Let o = 16 + 7. List the prime factors of o.
23
Suppose -4*d + 2*d + 6 = 0. Let i = 8 - d. What are the prime factors of i?
5
Let f = -48 + 111. What are the prime factors of f?
3, 7
Let q = -9 - -47. List the prime factors of q.
2, 19
Let t be ((-2)/4)/(1/4). Suppose 0 = 3*a - z - 22, 4*z + 34 = 2*a + a. Let g = t + a. What are the prime factors of g?
2
Let y = 7 - -19. What are the prime factors of y?
2, 13
Let v(y) = 11*y**2 + 36*y - 1. What are the prime factors of v(-6)?
179
Suppose 30 = 5*q - 0. Suppose q = -0*x + 3*x. List the prime factors of 7 + -2 + x + 0.
7
What are the prime factors of 9/(((-6)/21)/((-24)/21))?
2, 3
What are the prime factors of 20/(-14)*(6 - 13)?
2, 5
Let x = 129 + -49. What are the prime factors of x/2 - (-1 + 0)?
41
Let h(t) = t**3 - 5*t**2 + 5*t + 1. Let m be h(5). Let v = -16 + m. What are the prime factors of v?
2, 5
Let t(f) = f**3 - 14*f**2 + 18*f - 10. What are the prime factors of t(13)?
5, 11
Let x(a) = -2*a + 4*a + 35 - a. Let f be x(0). Suppose 3*j + 9 = 0, 2*p - f + 4 = 5*j. What are the prime factors of p?
2
Let s be (-5)/((-3)/2 - -1). Suppose 3*m = 2*m + s. Suppose -2*i + 2*b = 3*b - 27, m = 2*b. What are the prime factors of i?
11
List the prime factors of 13/3 - 4/12.
2
Let j be 20 + -1 + 3 + 2. Suppose 0 = -4*u - 0*w - w + 32, -5*w = 3*u - j. Let f = u - 5. What are the prime factors of f?
3
Suppose -9*a = -6*a + 18. What are the prime factors of 3/2*(a + 30)?
2, 3
List the prime factors of 6*(-3 + (-4)/(-1)).
2, 3
What are the prime factors of 14/(-63) - (-1876)/18?
2, 13
Suppose 0 = -3*u + 12*u - 27. List the prime factors of u.
3
Suppose -4*h + 9*h - 25 = 0. Suppose a - 5*l = 24, 0 = 2*a - h*l - 0*l - 38. List the prime factors of a.
2, 7
Let l(h) = -2*h - 4. Let a = -18 - -12. What are the prime factors of l(a)?
2
List the prime factors of 272/10 - (-3)/(-15).
3
Let r(m) = -2*m**2 + 4*m. Let v be r(3). Let o = v + 4. List the prime factors of 1/(-2)*2*o.
2
Suppose 0*t - 4*t = -112. Suppose -5*n + t = -n. List the prime factors of n.
7
Suppose -2*a + 28 = -2*f, -3*a = -5*a - f + 34. What are the prime factors of a?
2
Suppose 6*v - 276 = 3*v. What are the prime factors of v?
2, 23
Let z(s) = s**3 - 4*s**2 + 5*s - 2. Let t be z(3). Suppose 3*l + 0*l - t*w = 31, 5*w = -4*l. List the prime factors of l.
5
Suppose 4*u - 60 = -0. Suppose 2*w - 11 = u. What are the prime factors of w?
13
Let n(h) = -h**2 - 18*h - 4. List the prime factors of n(-11).
73
Let x(t) = -t**2 + 9*t. Let m(y) = -y**2 + 9*y - 1. Let u(g) = 7*m(g) - 6*x(g). Let l be u(8). Suppose 0 = -z + l + 3. What are the prime factors of z?
2
Let a = 197 - 100. List the prime factors of a.
97
What are the prime factors of 35 + -4 + (-2 - -10)?
3, 13
Let u be ((-8)/10)/((-2)/20). Let j be u/12 - 8/3. Let w = 3 - j. List the prime factors of w.
5
Suppose -4*v - d = -187, 0*d - 3 = -d. Let p = 1 - -1. Suppose 67 = 6*n - n + 2*t, 0 = p*n - 4*t - v. What are the prime factors of n?
3, 5
Let q(c) = c**3 - c + 19. What are the prime 